30?
35
What is the highest common factor of 22009 and 52?
13
What is the greatest common factor of 6 and 51831?
3
What is the highest common divisor of 610 and 272121?
61
What is the highest common factor of 184 and 134228?
92
What is the greatest common factor of 1776497 and 115?
23
Calculate the highest common factor of 1630 and 15300.
10
What is the highest common factor of 756 and 54159?
21
What is the greatest common divisor of 2049946 and 482?
482
Calculate the highest common factor of 1196 and 65221.
13
What is the highest common divisor of 5333206 and 1156?
578
Calculate the highest common divisor of 34 and 1275.
17
What is the greatest common factor of 196224 and 336?
336
What is the greatest common divisor of 264683 and 29?
29
Calculate the greatest common divisor of 1664278 and 6363.
707
Calculate the greatest common factor of 45016 and 32.
8
What is the highest common factor of 88 and 121968?
88
Calculate the greatest common divisor of 11356 and 13464.
68
What is the highest common divisor of 946 and 6966?
86
What is the greatest common divisor of 1230 and 5330?
410
What is the greatest common divisor of 107532 and 432?
36
What is the greatest common factor of 430230 and 60?
30
Calculate the highest common factor of 280 and 7438270.
70
Calculate the greatest common factor of 17384 and 15416.
328
Calculate the highest common factor of 1110 and 14445.
15
Calculate the highest common divisor of 11218 and 2528.
158
Calculate the greatest common factor of 104 and 110058.
26
What is the greatest common divisor of 2331 and 315?
63
Calculate the greatest common divisor of 1428 and 8632736.
476
What is the greatest common divisor of 4 and 7734?
2
Calculate the highest common factor of 152 and 110808.
152
Calculate the greatest common factor of 2317 and 3972.
331
Calculate the greatest common factor of 2966173 and 217.
217
Calculate the highest common factor of 53846 and 50794.
218
Calculate the highest common factor of 4272851 and 781.
781
Calculate the greatest common factor of 2006 and 646.
34
What is the greatest common divisor of 18 and 1350648?
18
What is the greatest common divisor of 231 and 2527?
7
What is the highest common divisor of 91834 and 111962?
1258
What is the highest common divisor of 128 and 340096?
128
What is the highest common divisor of 1154115 and 54?
27
Calculate the highest common factor of 123721 and 143.
13
Calculate the highest common divisor of 87 and 49416.
87
What is the highest common divisor of 60 and 18105?
15
What is the greatest common divisor of 1537187 and 157?
157
Calculate the highest common factor of 136080 and 64.
16
What is the greatest common factor of 756 and 3370464?
108
What is the highest common divisor of 16 and 5080?
8
What is the highest common divisor of 54593 and 154?
77
Calculate the greatest common factor of 21384 and 704.
88
What is the highest common divisor of 3056810 and 3585?
1195
Calculate the greatest common divisor of 46368 and 28.
28
Calculate the highest common factor of 9394 and 183.
61
What is the greatest common divisor of 9510 and 50?
10
What is the highest common divisor of 14235 and 715?
65
What is the greatest common factor of 4415 and 74172?
883
What is the greatest common factor of 2318 and 320006?
122
What is the highest common divisor of 101388 and 7718?
34
Calculate the highest common factor of 72 and 443568.
24
Calculate the highest common divisor of 1644 and 1089561.
411
Calculate the highest common factor of 150 and 352150.
50
What is the highest common divisor of 316674 and 438?
438
What is the greatest common divisor of 16482 and 3321?
123
What is the highest common factor of 3086531 and 399?
133
What is the greatest common factor of 3355415 and 35?
35
What is the greatest common divisor of 3913 and 910?
91
Calculate the highest common factor of 1302 and 1694.
14
Calculate the highest common factor of 6 and 70314.
6
What is the highest common factor of 13071 and 15?
3
Calculate the greatest common factor of 7244 and 4.
4
Calculate the greatest common factor of 121 and 72479.
121
What is the greatest common divisor of 124849 and 38?
19
What is the highest common divisor of 12768 and 4767?
21
What is the greatest common divisor of 36750 and 11515?
245
What is the greatest common factor of 300 and 99804?
12
What is the greatest common factor of 3944 and 15283?
493
What is the greatest common factor of 3528 and 43848?
504
What is the greatest common factor of 275 and 110935?
55
Calculate the highest common divisor of 7441 and 35.
7
What is the greatest common factor of 115094 and 28?
14
What is the greatest common factor of 252252 and 4459?
637
What is the greatest common divisor of 453187 and 1414?
707
What is the highest common divisor of 925 and 8769?
37
What is the highest common factor of 19175 and 177?
59
What is the highest common factor of 530 and 551440?
10
Calculate the highest common factor of 782703 and 243.
243
What is the greatest common factor of 693231 and 231?
231
What is the greatest common divisor of 3817938 and 932?
466
Calculate the highest common divisor of 409738 and 42.
14
Calculate the greatest common divisor of 2628 and 522.
18
What is the greatest common factor of 25739 and 49?
7
Calculate the greatest common factor of 385 and 108465.
35
What is the highest common divisor of 10 and 75450?
10
What is the greatest common factor of 850 and 3995?
85
What is the highest common factor of 46746 and 72?
18
What is the highest common factor of 21321 and 108261?
207
What is the highest common factor of 998000 and 960?
80
Calculate the greatest common factor of 123790 and 10.
10
Calculate the highest common divisor of 9 and 3923.
1
What is the greatest common divisor of 354064 and 48?
16
What is the highest common divisor of 4270070 and 10?
10
What is the greatest common divisor of 1596 and 149268?
84
What is the highest common factor of 40629 and 87?
87
What is the greatest common divisor of 218 and 111616?
218
What is the greatest common factor of 85 and 835?
5
Calculate the highest common factor of 11577 and 187.
17
What is the highest common divisor of 8104 and 254263?
1013
What is the highest common factor of 56870 and 30?
10
What is the greatest common divisor of 344733 and 453?
453
Calculate the greatest common factor of 129618 and 1767.
57
Calculate the highest common divisor of 8444568 and 348.
348
What is the greatest common divisor of 62 and 128371?
31
Calculate the greatest common divisor of 10656 and 672.
96
Calculate the highest common factor of 2733 and 5303842.
911
What is the highest common factor of 587508 and 2422?
346
Calculate the greatest common divisor of 31 and 89838.
31
What is the greatest common factor of 4378038 and 84?
42
Calculate the greatest common factor of 4590 and 35370.
270
What is the highest common factor of 273 and 548625?
21
Calculate the highest common factor of 3812467 and 41.
41
What is the highest common factor of 451641 and 453?
453
What is the highest common factor of 595 and 18683?
119
What is the highest common factor of 86658 and 858?
858
What is the greatest common factor of 20435 and 11895?
305
What is the highest common divisor of 3857 and 144704?
133
Calculate the greatest common divisor of 225 and 1421325.
225
Calculate the highest common divisor of 122056 and 684.
76
What is the highest common factor of 598 and 964574?
598
Calculate the greatest common factor of 90119 and 3859.
227
Calculate the greatest common factor of 14784 and 324.
12
What is the greatest common factor of 130 and 61555?
65
What is the highest common divisor of 14136 and 837?
93
What is the highest common factor of 52 and 3188?
4
Calculate the highest common factor of 910032 and 144.
48
Calculate the highest common factor of 272614 and 1674.
62
Calculate the greatest common factor of 390 and 489.
3
What is the highest common factor of 1652 and 509052?
236
Calculate the highest common divisor of 8808 and 200.
8
Calculate the highest common divisor of 28203 and 1904.
119
What is the greatest common divisor of 383209 and 37?
37
What is the greatest common factor of 798 and 720678?
42
Calculate the greatest common divisor of 2170 and 1136770.
310
Calculate the greatest common divisor of 29190 and 18480.
210
Calculate the 